{"id":110,"date":"2022-05-09T06:55:50","date_gmt":"2022-05-09T06:55:50","guid":{"rendered":"https:\/\/www.tranebanken.dk\/?page_id=110"},"modified":"2025-07-13T07:21:16","modified_gmt":"2025-07-13T07:21:16","slug":"budget","status":"publish","type":"page","link":"https:\/\/www.tranebanken.dk\/?page_id=110","title":{"rendered":"Budget"},"content":{"rendered":"\n<pre class=\"wp-block-preformatted\">Her kan du finde budgetter for Grundejerforeningen Tranebanken.<br>Klik p\u00e5 det \u00e5rstal du \u00f8nsker at se budgettet for.<br><br><a href=\"https:\/\/www.tranebanken.dk\/wp-content\/uploads\/2025\/07\/Budget-2025.pdf\" target=\"_blank\" rel=\"noreferrer noopener\">2025<\/a><br><a href=\"https:\/\/www.tranebanken.dk\/wp-content\/uploads\/2024\/03\/Budget-2024.pdf\" target=\"_blank\" rel=\"noreferrer noopener\">2024<\/a><br><a href=\"https:\/\/www.tranebanken.dk\/wp-content\/uploads\/2023\/03\/Budget-2023.pdf\" target=\"_blank\" rel=\"noreferrer noopener\">2023<\/a><br><a href=\"https:\/\/www.tranebanken.dk\/wp-content\/uploads\/2022\/05\/Budget-2022.pdf\" data-type=\"URL\" data-id=\"https:\/\/www.tranebanken.dk\/wp-content\/uploads\/2022\/05\/Budget-2022.pdf\" target=\"_blank\" rel=\"noreferrer noopener\">2022<\/a><br><a href=\"https:\/\/www.tranebanken.dk\/wp-content\/uploads\/2022\/05\/Budget-2021.pdf\" data-type=\"URL\" data-id=\"https:\/\/www.tranebanken.dk\/wp-content\/uploads\/2022\/05\/Budget-2021.pdf\" target=\"_blank\" rel=\"noreferrer noopener\">2021<\/a><br><a href=\"https:\/\/www.tranebanken.dk\/wp-content\/uploads\/2022\/05\/Budget-2020.pdf\" data-type=\"URL\" data-id=\"https:\/\/www.tranebanken.dk\/wp-content\/uploads\/2022\/05\/Budget-2020.pdf\" target=\"_blank\" rel=\"noreferrer noopener\">2020<\/a><\/pre>\n","protected":false},"excerpt":{"rendered":"<p>Her kan du finde budgetter for Grundejerforeningen Tranebanken.Klik p\u00e5 det \u00e5rstal du \u00f8nsker at se budgettet for.202520242023202220212020<\/p>\n","protected":false},"author":1,"featured_media":0,"parent":0,"menu_order":0,"comment_status":"closed","ping_status":"closed","template":"","meta":{"footnotes":""},"class_list":["post-110","page","type-page","status-publish","hentry"],"_links":{"self":[{"href":"https:\/\/www.tranebanken.dk\/index.php?rest_route=\/wp\/v2\/pages\/110","targetHints":{"allow":["GET"]}}],"collection":[{"href":"https:\/\/www.tranebanken.dk\/index.php?rest_route=\/wp\/v2\/pages"}],"about":[{"href":"https:\/\/www.tranebanken.dk\/index.php?rest_route=\/wp\/v2\/types\/page"}],"author":[{"embeddable":true,"href":"https:\/\/www.tranebanken.dk\/index.php?rest_route=\/wp\/v2\/users\/1"}],"replies":[{"embeddable":true,"href":"https:\/\/www.tranebanken.dk\/index.php?rest_route=%2Fwp%2Fv2%2Fcomments&post=110"}],"version-history":[{"count":9,"href":"https:\/\/www.tranebanken.dk\/index.php?rest_route=\/wp\/v2\/pages\/110\/revisions"}],"predecessor-version":[{"id":157,"href":"https:\/\/www.tranebanken.dk\/index.php?rest_route=\/wp\/v2\/pages\/110\/revisions\/157"}],"wp:attachment":[{"href":"https:\/\/www.tranebanken.dk\/index.php?rest_route=%2Fwp%2Fv2%2Fmedia&parent=110"}],"curies":[{"name":"wp","href":"https:\/\/api.w.org\/{rel}","templated":true}]}}